mmon factor of 862 and 2098?
2
Calculate the greatest common divisor of 1620 and 222669.
81
What is the greatest common divisor of 22816645 and 838?
419
Calculate the highest common divisor of 185 and 2882342735.
185
What is the highest common factor of 5331746 and 266?
14
What is the greatest common factor of 77 and 193216639?
77
What is the greatest common divisor of 519 and 109575951?
519
Calculate the greatest common factor of 65378 and 34.
2
What is the greatest common factor of 3912 and 1701068?
652
What is the highest common factor of 10944801 and 3969?
567
Calculate the highest common factor of 250400 and 2586632.
2504
Calculate the highest common factor of 78087 and 383.
1
What is the highest common factor of 44 and 10871256?
44
What is the highest common factor of 11802939 and 5484?
1371
What is the highest common factor of 191769342 and 2158?
166
Calculate the greatest common factor of 216218295 and 81.
27
Calculate the greatest common factor of 122253774 and 1454.
1454
What is the greatest common divisor of 542 and 817607?
271
What is the greatest common divisor of 35 and 342060537?
7
What is the highest common divisor of 109654420 and 884?
68
Calculate the highest common divisor of 40164652 and 464.
116
What is the greatest common divisor of 31980773 and 14927?
649
Calculate the highest common divisor of 12 and 32648616.
12
Calculate the highest common factor of 357811641 and 14229.
837
What is the highest common factor of 105 and 695790?
15
Calculate the highest common factor of 857502625 and 875.
875
Calculate the highest common divisor of 344 and 83955896.
8
Calculate the highest common divisor of 201055884 and 96.
12
Calculate the highest common divisor of 1859 and 2577718.
143
What is the greatest common divisor of 1184 and 1828873?
37
Calculate the greatest common divisor of 308674 and 152.
38
What is the highest common divisor of 330063500 and 29?
29
What is the greatest common factor of 1314299 and 77?
7
What is the highest common factor of 240 and 5598288?
48
What is the greatest common factor of 43866 and 83358?
18
Calculate the greatest common divisor of 2756 and 464932.
52
What is the highest common factor of 4233 and 71878?
83
What is the highest common factor of 327677550 and 333?
111
What is the greatest common factor of 332033 and 3146?
13
What is the highest common divisor of 148955 and 160?
5
Calculate the greatest common divisor of 25032 and 118394208.
3576
Calculate the highest common factor of 50419 and 36830.
127
What is the greatest common divisor of 6388 and 1380?
4
Calculate the greatest common divisor of 111908 and 1186114.
554
What is the highest common divisor of 2662 and 12744446?
242
Calculate the highest common factor of 22 and 13099449.
11
What is the highest common divisor of 17849588 and 6840?
76
Calculate the highest common factor of 6528750 and 31250.
1250
What is the highest common factor of 91 and 4060931?
7
Calculate the highest common factor of 30382343 and 116.
29
Calculate the highest common divisor of 5967 and 42632889.
663
What is the greatest common divisor of 671032 and 2072?
296
Calculate the highest common factor of 70413 and 29568.
21
Calculate the highest common divisor of 1 and 1710199.
1
Calculate the highest common divisor of 30213708 and 1653.
87
Calculate the greatest common divisor of 141666 and 39333.
21
What is the highest common divisor of 1440 and 2530419?
3
Calculate the greatest common factor of 342 and 14079.
57
What is the highest common divisor of 4354401705 and 8205?
8205
What is the greatest common factor of 174 and 1268344?
58
What is the greatest common factor of 1760 and 33603548?
44
Calculate the highest common factor of 45 and 2044278.
9
What is the highest common factor of 706497 and 57948?
33
Calculate the greatest common divisor of 974764 and 476.
28
What is the greatest common factor of 1288 and 173729948?
644
What is the greatest common divisor of 265454 and 1073206?
134
What is the highest common divisor of 279841302 and 273?
39
Calculate the highest common divisor of 181 and 34931009.
181
Calculate the greatest common factor of 5300 and 37835375.
1325
What is the highest common divisor of 20205286 and 1392?
58
Calculate the highest common divisor of 44605591 and 1966.
983
Calculate the highest common divisor of 64467 and 15015.
39
Calculate the highest common divisor of 115011664 and 8.
8
Calculate the highest common factor of 36666393 and 15985.
3197
What is the greatest common divisor of 202233324 and 22092?
3156
What is the greatest common factor of 8544 and 1398279?
267
What is the highest common divisor of 8848452 and 114?
114
What is the highest common factor of 57904 and 394988?
2068
Calculate the greatest common factor of 7494 and 799463667.
3747
What is the greatest common divisor of 320749210 and 1030?
1030
What is the greatest common divisor of 10753596 and 171804?
1668
Calculate the greatest common factor of 71524225 and 5.
5
Calculate the highest common divisor of 406680 and 22560.
120
What is the greatest common factor of 3171 and 1263087?
21
What is the greatest common factor of 327 and 208545?
3
Calculate the highest common divisor of 14911 and 155558.
403
What is the highest common divisor of 517 and 37960384?
11
What is the greatest common factor of 37721313 and 42?
21
What is the greatest common factor of 3302575 and 16325?
25
Calculate the greatest common divisor of 15050 and 151102.
602
Calculate the greatest common factor of 162855 and 9261.
63
Calculate the greatest common divisor of 72410 and 2883032.
1114
Calculate the greatest common factor of 19928 and 379692.
212
What is the greatest common divisor of 175185 and 51439125?
3435
What is the greatest common factor of 139412 and 1915?
383
Calculate the highest common factor of 992597384 and 92.
92
Calculate the highest common divisor of 6 and 38278464.
6
What is the greatest common factor of 1276 and 45270276?
116
Calculate the greatest common divisor of 145 and 2130833.
29
What is the highest common divisor of 9317 and 52528?
7
What is the highest common factor of 118301 and 79990?
421
Calculate the highest common factor of 28490329 and 1729.
133
Calculate the greatest common divisor of 26865 and 1361757.
597
What is the highest common divisor of 121025280 and 3840?
3840
Calculate the greatest common divisor of 68005 and 14438165.
2345
Calculate the greatest common divisor of 6358 and 905437.
289
Calculate the greatest common divisor of 48888345 and 34.
17
What is the greatest common divisor of 9170651 and 371?
7
Calculate the greatest common divisor of 56389 and 1952876.
31
What is the highest common divisor of 56492 and 1544764?
1948
What is the greatest common divisor of 350532 and 586044?
36
What is the highest common factor of 15 and 35855015?
5
What is the highest common factor of 2996192953 and 13?
13
What is the highest common divisor of 477 and 377964?
9
Calculate the highest common factor of 5013537 and 282.
141
What is the greatest common factor of 14400 and 1310?
10
What is the highest common divisor of 1910 and 3295?
5
Calculate the highest common factor of 154560 and 105340.
460
Calculate the greatest common divisor of 1378854 and 90.
18
Calculate the greatest common divisor of 100740 and 26500.
20
What is the greatest common factor of 1332316 and 118192?
332
Calculate the highest common factor of 168256 and 75262.
22
What is the greatest common divisor of 59350053 and 3?
3
What is the greatest common factor of 8517668 and 492?
164
What is the highest common divisor of 15358170 and 40?
10
What is the greatest common factor of 32683 and 343?
49
Calculate the highest common factor of 100450 and 181006.
98
What is the greatest common factor of 29879266 and 6?
2
What is the greatest common divisor of 86768 and 985507?
493
Calculate the highest common divisor of 4860315 and 30.
15
What is the highest common factor of 1449 and 3566403?
207
What is the greatest common factor of 1286072 and 3800?
152
Calculate the greatest common factor of 997600 and 386656.
1376
What is the highest common divisor of 224849 and 10798829?
6077
Calculate the highest common factor of 50760 and 502900.
940
Calculate the greatest common divisor of 3966 and 65928140.
1322
What is the highes